highest common divisor of m and 4853?
23
Let o = 1107 - 1075. What is the greatest common divisor of o and 36?
4
Let t = 82 - 78. Suppose -4*j - 2*g = -5*g - 149, -3*j + 110 = -t*g. Let w = 59 - j. What is the greatest common divisor of 14 and w?
7
Let g be 30/780*4*-1 - 2192/(-52). What is the highest common divisor of g and 3780?
42
Let x = 30690 - 29013. What is the greatest common divisor of 143 and x?
13
Let o(f) = 19*f - 12. Let c be ((-921)/(-15) - 9/(-15)) + 1. Let d = c - 61. Let p be o(d). What is the highest common factor of 26 and p?
26
Let x be 0 + 110 + 6 + -4. Suppose 3*c - 5*q = 68, 4*q + 3 = -1. Calculate the greatest common factor of x and c.
7
Suppose -84 = -y - 317*h + 315*h, 316 = 4*y + 3*h. Calculate the highest common factor of 110 and y.
2
Suppose -5*z + 9*z - 12 = 0, -107 = -2*q + 3*z. Let f be (2 + q)*(-18)/(-6). Calculate the greatest common factor of f and 72.
36
Let c(g) = 11*g + 12. Let i be c(0). Suppose -298 = -i*l - 118. Calculate the highest common divisor of l and 5.
5
Let y = 737 + -242. Suppose -112 = -c - 2*q, -4*c + 8*q = 6*q - 438. Calculate the highest common divisor of c and y.
55
Suppose -7*q + 70 + 28 = 0. Let h(j) = j - 11. Let x be h(q). Let m be ((-8)/(-6))/(x/18). Calculate the highest common divisor of m and 8.
8
Let s(m) = 4*m**3 + 11*m**2 - 5*m + 12. Let x be s(6). Calculate the highest common divisor of 162 and x.
54
Let c(r) = r**3 + 64*r**2 + 87*r - 170. Let o be c(-62). Calculate the highest common factor of 96 and o.
12
Suppose o - 112 = 130. Let i = -216 + o. Calculate the greatest common divisor of 91 and i.
13
Suppose 5*h = 7*n - 5*n + 603, -337 = -3*h - 5*n. What is the greatest common divisor of 391 and h?
17
Let n(b) = 2*b**3 + 3*b**2 - 3*b - 12. Let r = 49 + -45. Let t be n(r). What is the greatest common divisor of t and 19?
19
Suppose 13*b - 17*b + 712 = 0. Suppose 4*z - b = 2*m, -3*m = -5*z - 4*m + 226. Calculate the highest common factor of z and 15.
15
Let x = 19 - 13. Suppose t - 50 = -2*i, -x*i - t + 73 = -3*i. Let d = i - -15. Calculate the greatest common divisor of 95 and d.
19
Suppose -24*r + 5314 + 28132 = -4090. Calculate the greatest common factor of r and 20.
4
Suppose -83 = 2*t - 99. Suppose 2*s + 2400 = t*s. Calculate the greatest common divisor of 25 and s.
25
Let c(y) = y**3 + 114*y - 807. Let h be c(9). What is the greatest common divisor of h and 24?
12
Let b(y) = y**3 - 8*y**2 + 11*y + 27. Let r be b(5). Calculate the greatest common divisor of 139 and r.
1
Let i(d) = -5*d**3 + d**2 - 2*d - 61. Let a(w) = 2*w**3 + w + 21. Let j(v) = 8*a(v) + 3*i(v). Let s be j(5). Calculate the highest common divisor of 30 and s.
15
Suppose -6*y = -49 - 29. Let x(a) = 4*a + 146. Let q be x(y). Calculate the highest common factor of q and 72.
18
Let n = 542 - 344. Let z be (10 - 0)*(-10)/(-20). Suppose -4*y + z*y - 22 = 0. Calculate the greatest common factor of y and n.
22
Let u be -1 - (4 - 14/2)*1. Suppose -u*y = -10*y + 16. Suppose -5*p + y*p = 9, 0 = 4*t + 4*p - 1608. What is the highest common divisor of 45 and t?
45
Suppose 102 + 278 = -3*o - 4*q, 626 = -5*o - 3*q. Let v = o - -133. Calculate the greatest common factor of 342 and v.
9
Let n be (16 + -7 + -12)/((-6)/878). Let b = n + -414. Calculate the greatest common factor of b and 625.
25
Suppose 9 = s + 23*r - 20*r, 0 = 2*s - 5*r - 62. What is the greatest common divisor of 35 and s?
7
Suppose -43*w - 10004 = -66*w + 19*w. Calculate the greatest common divisor of w and 82.
41
Let i(u) = u**3 + 12*u**2 + 26*u - 27. Let z be i(-8). Suppose 0 = 19*t - 20*t + z. Calculate the highest common divisor of t and 105.
21
Suppose 72 = 2*c - 2*o, -1295*o + 86 = c - 1291*o. Let m(h) = h + 8. Let s be m(-6). What is the greatest common factor of s and c?
2
Let x(i) = 60*i - 303. Let s(v) = 15*v - 76. Let j(h) = -9*s(h) + 2*x(h). Let p be j(5). What is the highest common divisor of p and 9?
3
Let v = 131 - 77. Let k(h) = -5*h + 9 - h**2 + 215*h**3 - 214*h**3 + 2*h**2. Let z be k(0). What is the greatest common factor of z and v?
9
Suppose 0 = -4*k - 0*i + 5*i + 157, -2*i = -5*k + 175. Suppose -k + 26 = -g. Calculate the greatest common divisor of g and 91.
7
Let c be (129/(-6))/(-1)*6. Suppose -472*x + 63567 = -17617. Calculate the highest common factor of c and x.
43
Let t be ((-3)/(-9))/(2/114). Let k = t + -34. Let m be (2 - (-21)/k)*(-7 - -62). What is the greatest common divisor of m and 11?
11
Suppose -q + 11 = -0. Let j = 145 - 620. Let w = -354 - j. What is the highest common divisor of w and q?
11
Let p be -2 - 1 - (1 - 3)*13. Suppose p = -5*g + 173. Let j(o) = 230*o + 10. Let w be j(1). Calculate the highest common factor of w and g.
30
Suppose 20*a + 1513 = 156*a + 153. Let x = 58 + -28. What is the highest common factor of x and a?
10
Let z(v) = -1122*v - 1906. Let a be z(-7). What is the greatest common factor of a and 4?
4
Let n = -148 - -246. Suppose 0 = -7*j - 3*j - 4*j. Suppose j = -6*h + 3*h - o + 47, o - 5 = 0. Calculate the greatest common divisor of h and n.
14
Suppose -18 = -5*g - 3, -n + 102 = 2*g. Suppose -12*b + 5*f = -7*b - 270, 2*f - n = -2*b. Calculate the greatest common divisor of b and 3.
3
Let t = -853 - -858. Suppose -3*p + s + 15 = -2*p, 0 = -p - t*s + 9. What is the greatest common factor of p and 189?
7
Let x = -182 + 380. Suppose b - z - 111 = 0, 5*b - 329 = 2*z + 217. Let n = 130 - b. Calculate the highest common factor of n and x.
22
Suppose 109 + 48 = 2*d - 53. Suppose 0 = -3*l - 2*k + 48 + 21, 4*l - 4*k - 72 = 0. Calculate the greatest common factor of d and l.
21
Let c be ((-132)/(-9))/(26/39). Let g = 146 - 59. Let s = g - 43. Calculate the greatest common divisor of c and s.
22
Let u = 56 - 53. Suppose -n = 4*b + u, 2*b + n + 0 = -3. Suppose -3*f - 10*f + 312 = b. Calculate the greatest common divisor of f and 3.
3
Let u(b) = 138*b + 3420. Let y be u(-24). Calculate the highest common factor of y and 2034.
18
Let o be 14 + (-132)/12 + (-4 - -3) + -1. What is the highest common factor of o and 310?
1
Let p be (6/(-14))/(258/(-6880))*7. What is the greatest common factor of p and 2000?
80
Suppose 5 + 18 = 23*g. Let i be 1*(184 - (1 - g)). Calculate the greatest common factor of i and 8.
8
Let a(i) = -224*i + 6280. Let o be a(28). Suppose 4*s - u = 16, 3*s - 5*u = -13 + 42. Calculate the highest common factor of o and s.
1
Suppose -4*x - 254 + 34 = -3*l, 4*l + 3*x - 260 = 0. Suppose 13*j - 36 = l. Let n = 37 - 5. What is the highest common factor of n and j?
8
Suppose 75 = 2*h - 33. Let c = 2153 - 2092. Let x = c + h. What is the highest common factor of 46 and x?
23
Suppose 0 = 52*y + 53*y - 13358 + 2858. What is the highest common factor of y and 5300?
100
Suppose 3*f + 4*d + 191 = 4*f, -2*d - 10 = 0. Calculate the greatest common divisor of 76 and f.
19
Let v be (4 - (-3 + 0)) + -5. Suppose -3*m - m = -v*u + 2, -m - 8 = -2*u. What is the greatest common divisor of 235 and u?
5
Suppose -19*n - 1088 = -21*n. Let m(q) = q**2 - 94*q + 545. Let b be m(88). What is the greatest common divisor of b and n?
17
Suppose -4 = 4*a, 8*l - 3*l = a + 181. Suppose 0 = 3*c - 0*c - 66. Let m = 34 - c. Calculate the greatest common factor of l and m.
12
Suppose -26*o + 51*o - 116700 = 0. Calculate the greatest common divisor of 12 and o.
12
Let n = -9 - -14. Let a(f) = -603*f - 17462. Let u be a(-29). What is the highest common factor of u and n?
5
Let j(x) = 9*x**2 + 10*x - 6. Let t(d) = 6*d - 167. Let u be t(27). Let l be j(u). Calculate the greatest common divisor of l and 13.
13
Suppose -4*w + 10*w - v = 302, w - v - 52 = 0. What is the greatest common factor of w and 275?
25
Let w(j) = j**3 - j**2 - 7*j. Let n be w(3). Let y be ((-233)/6 + 2/n)*-2. Let s = -22 + y. What is the greatest common factor of s and 3?
3
Suppose 64*l + 80263 = 180*l - 70769. Calculate the greatest common factor of 1426 and l.
62
Suppose -4*q - 20 = 0, -17*q = 2*l - 12*q - 179. What is the greatest common divisor of 1972 and l?
34
Let m = -12435 + 12460. What is the greatest common divisor of m and 8975?
25
Let c be (23 + 3)/((-4)/(-50)). Suppose r + 5*w - 16 = 0, 3*r - 6*w - 82 = -4*w. Calculate the greatest common divisor of r and c.
13
Suppose -3*j - 487 = -2*s + 576, -4*s + 2171 = 3*j. What is the greatest common factor